 113111032100?
-113111032112
In base 5, what is -3030421214 + 200?
-3030421014
In base 10, what is 1185 + 8941?
10126
In base 13, what is -8772 + -100?
-8872
In base 8, what is 53052 - -15305?
70357
In base 7, what is -1245 + 315542?
314264
In base 8, what is -12410273 + -42?
-12410335
In base 5, what is 4211 + 1104133?
1113344
In base 5, what is 30210234210 - -10?
30210234220
In base 16, what is -50 - -5afd?
5aad
In base 13, what is 4801358a - -3?
48013590
In base 12, what is b164b + 2?
b1651
In base 4, what is -2001312221031 + 100?
-2001312220331
In base 6, what is 0 + 20244110?
20244110
In base 7, what is 2362 - 665642?
-663250
In base 15, what is -155 - -2241?
20db
In base 11, what is 46 - 66509?
-66473
In base 9, what is 14677076 + 12?
14677088
In base 10, what is 11770811 + -2?
11770809
In base 9, what is 4205 + -3180?
1015
In base 13, what is -1 + -263bc1c?
-263bc20
In base 7, what is 353206 + -163?
353013
In base 5, what is 42110431143 - -4?
42110431202
In base 10, what is 46394 - 15?
46379
In base 15, what is -1c1a690 - a?
-1c1a69a
In base 7, what is 4 - -600025243?
600025250
In base 11, what is a70 - -2893?
3853
In base 11, what is -25849 + -1027?
-26875
In base 11, what is 8556632 - -2?
8556634
In base 10, what is -43473770 + 3?
-43473767
In base 12, what is -233 - 30b9?
-3330
In base 9, what is -355 - -1105467?
1105112
In base 16, what is 945180 + -4?
94517c
In base 15, what is ac + 90a?
9b7
In base 4, what is 302312 + -121320?
120332
In base 15, what is -14332 + -231?
-14563
In base 11, what is -2231 - 13213?
-15444
In base 12, what is -55a0 - -29b31?
24551
In base 11, what is 730159 - 10?
730149
In base 9, what is -108825452 - -3?
-108825448
In base 15, what is b816 - 3965?
7da1
In base 15, what is 1573 + 1523?
2a96
In base 6, what is 20334344352 - 2?
20334344350
In base 13, what is 3 - -22844967?
2284496a
In base 2, what is -1010011101011111100 - -110011110?
-1010011100101011110
In base 6, what is 1153252 + 12012?
1205304
In base 6, what is 1051 + 13221501?
13222552
In base 7, what is -244236 + 4500?
-236436
In base 5, what is 40110104432 - 1?
40110104431
In base 7, what is 343555 - 5553?
335002
In base 15, what is -1b65 - -1d76?
211
In base 8, what is -366 - -2644?
2256
In base 7, what is 33624100 + 21?
33624121
In base 2, what is -11 - 101000100010111011001?
-101000100010111011100
In base 16, what is 17a6e1f + -2?
17a6e1d
In base 14, what is -3 + 2012566?
2012563
In base 5, what is 23312403 - -122?
23313030
In base 3, what is -120002202 + -1000?
-120010202
In base 9, what is -808 + -340528?
-341437
In base 7, what is 254 - 660032?
-656445
In base 13, what is 20c8a473 + 4?
20c8a477
In base 6, what is 235 - 10230111?
-10225432
In base 12, what is -37 + -9b6225?
-9b6260
In base 13, what is -46075 + 1b?
-46057
In base 8, what is 515 - 1277423?
-1276706
In base 13, what is -2c09a9b4 - 5?
-2c09a9b9
In base 10, what is -59 + 6882195?
6882136
In base 12, what is -2b4 - -26198?
25aa4
In base 6, what is -3334130422 + 3?
-3334130415
In base 13, what is 5 - ccc04b2?
-ccc04aa
In base 16, what is -15e3c747 + -1?
-15e3c748
In base 11, what is -13135159 - 0?
-13135159
In base 10, what is -218833281 - 5?
-218833286
In base 10, what is -55606 - -438?
-55168
In base 9, what is 1331 - -231457?
232788
In base 12, what is 178373 + -3b?
178334
In base 6, what is -1040 + 13325?
12245
In base 10, what is -590 - -2761?
2171
In base 6, what is -11554344 - 3422?
-12002210
In base 15, what is -2e - -a19a?
a16b
In base 16, what is 1fbaf4 + 2f1?
1fbde5
In base 5, what is -11042 + 402121?
341024
In base 11, what is 8 - -1231325?
1231332
In base 12, what is 5 - a8719a5?
-a8719a0
In base 3, what is 11102021121220 + 2?
11102021121222
In base 14, what is -c781 + -12a?
-c8ab
In base 8, what is -13627445 - 104?
-13627551
In base 16, what is -49f01 + -2a?
-49f2b
In base 10, what is 1765 + 4408?
6173
In base 2, what is -100100010110 + 101011111101011110?
101011011001001000
In base 6, what is 4020144 - -102?
4020250
In base 10, what is 1371368505 + 4?
1371368509
In base 13, what is -b21 + -16440b?
-16522c
In base 16, what is -963 - -4ad9b?
4a438
In base 14, what is -8876ca - -5?
-8876c5
In base 10, what is 4285 - -603?
4888
In base 12, what is -224b6a9 + -3?
-224b6b0
In base 13, what is -740a - 14c0c?
-1c319
In base 12, what is -47 + 806aa1?
806a56
In base 11, what is 1853 - -5456?
71a9
In base 6, what is -111 + -2532014?
-2532125
In base 5, what is -13244 - 221044042?
-221112341
In base 6, what is -3041 - -5444?
2403
In base 4, what is 120003222 - -330?
120010212
In base 14, what is -16 + 433d84?
433d6c
In base 7, what is 2 + 326305110?
326305112
In base 13, what is -1398 + 56ab3?
55718
In base 7, what is 10 - -1401421052?
1401421062
In base 7, what is -66612 - 10421?
-110333
In base 4, what is -33 + -201232033120?
-201232033213
In base 3, what is 12020200110100 - 111?
12020200102212
In base 7, what is 106030403 - 2?
106030401
In base 3, what is -1102100200112 - 11102?
-1102100211221
In base 15, what is -397 - -3d3?
3b
In base 14, what is 59447 + -a3?
59384
In base 14, what is -8215b6 - -5?
-8215b1
In base 9, what is 8301 + 323?
8624
In base 3, what is -1201222202110 + -2002?
-1201222211112
In base 12, what is 822833 - -5?
822838
In base 12, what is -862 + -352347?
-352ba9
In base 16, what is -14e + 5eb24?
5e9d6
In base 3, what is -202022 - -11212100?
11010001
In base 12, what is 13 - -129614?
129627
In base 14, what is 146 - -4cd5c4?
4cd72a
In base 3, what is -12002 - -122222021?
122210012
In base 4, what is -101303120 - 111?
-101303231
In base 10, what is 74 + -116688?
-116614
In base 16, what is -279 - 3d41?
-3fba
In base 6, what is -411 - 451022?
-451433
In base 2, what is 10110110000001 - 1001001010?
10101100110111
In base 3, what is 1100101020111122 + 0?
1100101020111122
In base 3, what is 2 + -100221220?
-100221211
In base 14, what is -7a - 123656?
-1236d2
In base 7, what is 5 + 1011246542?
1011246550
In base 2, what is 1101101111001101100010011 + 0?
1101101111001101100010011
In base 5, what is -1030020 + -133240?
-1213310
In base 2, what is 1101110101110100111010 + -11?
1101110101110100110111
In base 5, what is -2 - -34324012012?
34324012010
In base 10, what is 10557 + -966?
9591
In base 8, what is 6430414 - -57?
6430473
In base 12, what is -521936b + a?
-5219361
In base 11, what is 3 + 625a8?
62600
In base 4, what is -230213200323 - 23?
-230213201012
In base 2, what is -11100111000 + -1111110010110?
-10011011001110
In base 15, what is 21e3 + 1a2?
2395
In base 10, what is -111371 + -8?
-111379
In base 10, what is -138 + -11932?
-12070
In base 14, what is -460b8b - -7?
-460b84
In base 8, what is -146401 - 17343?
-165744
In base 16, what is -8d09c - -9?
-8d093
In base 15, what is b - -36a40de?
36a40ea
In base 2, what is 111110111101111010100000011 + -10?
111110111101111010100000001
In base 6, what is -4335 + -33004?
-41343
In base 15, what is d7cb1 - 23?
d7c8d
In base 12, what is -41b29a32 + -2?
-41b29a34
In base 10, what is -2140665 - -41?
-2140624
In base 9, what is -655003 - 314?
-655317
In base 7, what is -1565631 + -13?
-1565644
In base 10, what is -3 - 8023529?
-8023532
In base 10, what is -2261382 - 41?
-2261423
In base 12, what is 8a3bb2 - b?
8a3ba3
In base 16, what is 2 + -28282a5?
-28282a3
In base 11, what is 101 - -255333?
255434
In base 14, what is -1709 - -82a6?
699b
In base 4, what is 11301100031 - -11?
11301100102
In base 12, what is 36082 + -127?
35b57
In base 14, what is -36b84 - 11?
-36b95
In base 14, what is 3503 + -1860?
1a83
In base 7, what is -1143 - 35456?
-36632
In base 14, what is b58 - d9?
a5d
In base 8, what is 22702334 - 5?
22702327
In base 7, what is 141115 + -116?
140666
In base 4, what is 112131023331331 + -1?
112131023331330
In base 8, what is -23715 + 4734?
-16761
In base 14, what is 398d887 + -5?
398d882
In base 5, what is 10303 + 1214014?
1224322
In base 10, what is 12 - -8143869?
8143881
In base 6, what is -213110 + 31534?
-141132
In base 10, what is 37 + 663374?
663411
In base 11, what is 4 + -488304?
-488300
In base 9, what is -71 + -1657122?
-1657203
In base 14, what is b6716 + 47?
b675d
In base 14, what is 89b - -55a5b?
56518
In base 10, what is 308862 + 234?
309096
In base 6, what is 11 - -32514205?
32514220
In bas